{"id":32,"date":"2014-03-24T18:15:27","date_gmt":"2014-03-24T18:15:27","guid":{"rendered":"http:\/\/www.fredricspendrup.com\/salongmonsterse\/?page_id=32"},"modified":"2021-11-26T11:47:09","modified_gmt":"2021-11-26T11:47:09","slug":"vi-pa-monster","status":"publish","type":"page","link":"https:\/\/salongmonster.se\/?page_id=32","title":{"rendered":"Vi p\u00e5 Monster"},"content":{"rendered":"\n<p>[headline type=&#8221;h1&#8243; title=&#8221;Det \u00e4r vi som jobbar p\u00e5 Salong Monster&#8221;][\/headline]<br>[one_fourth][profile name=&#8221;Jag anser att sk\u00f6nhet b\u00f6rjar med ett friskt &amp; v\u00e4lm\u00e5ende h\u00e5r &amp; det finns inga om\u00f6jliga h\u00e5r&#8221; role=&#8221;Sophia, Fris\u00f6r, Fransstylist&#8221; img=&#8221;https:\/\/salongmonster.se\/wp-content\/uploads\/2021\/11\/image1.jpeg&#8221; facebook=&#8221;&#8221; mail=&#8221;&#8221;] tog examen fr\u00e5n Bj\u00f6rn Ax\u00e9n i Sthlm \u00e5r 2010. Har 2 hundar varav den ena heter Monster, d\u00e4rav namnet p\u00e5 salongen.[\/profile][\/one_fourth]<\/p>\n\n\n<p>[one_fourth][profile name=&#8221;V\u00e5ga ha en frisyr som \u00e5terspeglar din personlighet \u00e4ven om det inneb\u00e4r f\u00f6r\u00e4ndring&#8221; role=&#8221;Robin, Fris\u00f6r&#8221; img=&#8221;https:\/\/salongmonster.se\/wp-content\/uploads\/2021\/11\/IMG_20211119_185400_219-scaled.jpg&#8221; facebook=&#8221;&#8221; mail=&#8221;&#8221;] tog ges\u00e4llen 2012 &amp; utbildade sig i Kalmar p\u00e5 Hair Academy. Gillar matlagning fr\u00e5n alla v\u00e4rldens k\u00f6k.[whitespace height=&#8221;35&#8243;]<br \/>\n[\/profile][\/one_fourth]<\/p>\n","protected":false},"excerpt":{"rendered":"<p>[headline type=&#8221;h1&#8243; title=&#8221;Det \u00e4r vi som jobbar p\u00e5 Salong Monster&#8221;][\/headline][one_fourth][profile name=&#8221;Jag anser att sk\u00f6nhet b\u00f6rjar med ett friskt &amp; v\u00e4lm\u00e5ende h\u00e5r &amp; det finns inga om\u00f6jliga h\u00e5r&#8221; role=&#8221;Sophia, Fris\u00f6r, Fransstylist&#8221; img=&#8221;https:\/\/salongmonster.se\/wp-content\/uploads\/2021\/11\/image1.jpeg&#8221; facebook=&#8221;&#8221; mail=&#8221;&#8221;] tog examen fr\u00e5n Bj\u00f6rn Ax\u00e9n i Sthlm \u00e5r 2010. Har 2 hundar varav den ena heter Monster, d\u00e4rav namnet p\u00e5 salongen.[\/profile][\/one_fourth]<\/p>\n","protected":false},"author":1,"featured_media":0,"parent":0,"menu_order":0,"comment_status":"open","ping_status":"open","template":"template-fullwidth.php","meta":{"footnotes":""},"_links":{"self":[{"href":"https:\/\/salongmonster.se\/index.php?rest_route=\/wp\/v2\/pages\/32"}],"collection":[{"href":"https:\/\/salongmonster.se\/index.php?rest_route=\/wp\/v2\/pages"}],"about":[{"href":"https:\/\/salongmonster.se\/index.php?rest_route=\/wp\/v2\/types\/page"}],"author":[{"embeddable":true,"href":"https:\/\/salongmonster.se\/index.php?rest_route=\/wp\/v2\/users\/1"}],"replies":[{"embeddable":true,"href":"https:\/\/salongmonster.se\/index.php?rest_route=%2Fwp%2Fv2%2Fcomments&post=32"}],"version-history":[{"count":83,"href":"https:\/\/salongmonster.se\/index.php?rest_route=\/wp\/v2\/pages\/32\/revisions"}],"predecessor-version":[{"id":892,"href":"https:\/\/salongmonster.se\/index.php?rest_route=\/wp\/v2\/pages\/32\/revisions\/892"}],"wp:attachment":[{"href":"https:\/\/salongmonster.se\/index.php?rest_route=%2Fwp%2Fv2%2Fmedia&parent=32"}],"curies":[{"name":"wp","href":"https:\/\/api.w.org\/{rel}","templated":true}]}}